-11 - -21))
-7
What is (-8 + -1 - 1) + (-47586 - -47547)?
-49
-5 - -20 - (11 + -1 + (0 - -77))
-72
What is 82 - (13 - -141 - 48)?
-24
-9 - 19 - (-21 + -13)
6
What is (32 - (18 - -4)) + 0 - 7?
3
What is the value of (-4 - 1) + (157 - 179) + (-1 - -26)?
-2
(-45 - -13) + 267 + -195
40
What is 32 - -3 - (124 - 114 - (5 + (2 - 2)))?
30
What is (-6745 - -6699) + (203 - (2 - 0))?
155
Evaluate (1 - 85 - 41) + 43.
-82
37 + (40 - (-25 + 31)) + 43
114
What is 53 + 0 + 2 - (-4 + 22 + -23 + -4)?
64
What is -1 + -8 - (-48 + 42 + 2) - 125 - 6?
-136
What is the value of -10 + (33 - (-63 + 41))?
45
Evaluate 69 - (31 + -9) - (4 + (2 - -2)).
39
What is the value of (77 - 133) + 122 + 6?
72
What is the value of -12 - ((6 - -1 - (387 - 380)) + -54)?
42
What is 42 + -37 - (-4 - -19)?
-10
-2 + 24 - (-5 - (-14 + -53))
-40
(385 - 278 - (-7 - -2)) + 10 + 2 - 11
113
What is the value of 22 + 4 + (1 - 23) - 28?
-24
Calculate 133 - (96 + 69) - (14 + 1).
-47
Evaluate -21 + -9 + 92 + (-7 - 15).
40
What is 5 - ((66 - -2) + 5 - (175 - 194))?
-87
Calculate -144 + 65 - (15 + -51).
-43
Calculate -47 + 47 + (-3 + -3 - -6).
0
What is the value of -5 + 0 + 67 - (7 - 40 - -47)?
48
What is the value of 16 + (-410 + 410 - ((3 - 3) + -6 - -1))?
21
What is the value of -56 + (-3 - -31) - (-62 - 19)?
53
What is -7 + 20 - (-5 - (-16 - (-38 - -4)))?
36
What is -27 + 1 + -3 - (8 + -25 + 3)?
-15
What is the value of 26 + -34 + (-12 - 2)?
-22
What is the value of 20 - (-58 + 19 - (38 - 72))?
25
What is the value of 1 + (-17 - -6) + 0 + -8 + 14?
-4
What is the value of 46 + 6 - ((5 - -3) + -15)?
59
Evaluate -12 + 82 - (1197 - 1123).
-4
16 + 2 + (1 - (10 - (-8 + 30 - 7)))
24
-11 + (-32 + 35 - (2 - (-3 + 0))) - -31
18
Calculate -1 + -11 + (-22 - (31 - 13 - 13 - 8)).
-31
Calculate 82 - (71 - -131 - 53).
-67
What is the value of -2 + 14 + -10 + 24 + -15 + 11?
22
Calculate (-16 + 11 + -2 + 1 - 60) + 16 + -7.
-57
Evaluate -4 - -22 - (46 - (-60 + 83)).
-5
What is (1 - -2) + (3 + 6 + -31 + 8 - -13)?
2
Calculate -70 + 0 + 6 + (-4 + -1 - -15 - 5).
-59
Calculate (-88 - (49 + -125)) + 1 + 22.
11
What is the value of 5 - -1 - (-47 + 195 + -203)?
61
Evaluate 11 - (-18 + 15 - ((-5 - -9) + 2 + 1)).
21
14 + -52 + 10 - -18 - -27
17
Evaluate 3 + -12 + -61 + 30.
-40
Evaluate -38 + 38 + (-55 - -46) + (-6 - 10).
-25
Calculate 36 - ((-4 - 6 - -9) + -11 + 19).
29
-24 + (-11 - 0 - -3 - -3) + 42 + -29
-16
-9 + -3 + 6 - (58 - 23)
-41
Calculate 5 + -105 - (-1838 - -1750).
-12
What is the value of (-1553 - -1485) + (-9 - (-3 + 2))?
-76
Evaluate -202 - (138 + -86 + -166).
-88
Evaluate 6 + 3 - (-776 + 780 - ((-16 - -1) + -1)).
-11
Calculate 37 - (0 - -1) - (263 + (192 - 466)).
47
What is the value of 106 + (62 - 114) + -10?
44
Evaluate 10 - (48 + -24) - (-3 + 3 + 9).
-23
172 - (11 + (3 - -23) - -4)
131
What is 5 - ((-12 - (9 - 83)) + 4 + 2 - -10)?
-73
Evaluate 1 - -76 - (1078 - 1028).
27
What is the value of 17 - (7 - ((3 - -1) + 11 + -2))?
23
Evaluate 12 + (12 - (2 - 5) - (36 + -37)).
28
Evaluate -1 - 68 - (23 - (-3 - 5 - -18 - 0)).
-82
What is the value of -37 + 66 - ((1 + -3 - 6) + 6)?
31
What is the value of 2 + 6 - (3 - 47 - (-24 + 2 + 32))?
62
(5 - (42 + -5 + 0)) + 247 + -258
-43
Calculate (-41 - (-89 - -45)) + (4 - (-7 - (-5 + 0))).
9
Calculate 4 - (12 - 2) - (9 + -44 + (32 - 7)).
4
Evaluate 66 + (15 - -2) + -15 + -24.
44
Calculate -3 + 0 + (-23 + 20 - 0 - (-2 - 39)).
35
Calculate -42 + -1 - (163 + -150).
-56
What is the value of 2 + (5 - 4) - 7 - (31 + 4 + -10)?
-29
What is the value of 72 + (18 - (-21 - (17 + -76)) - -9)?
61
What is (-11 + -6 + 18 - -18) + -46 + -2?
-29
What is 6 + (-4 - -2) - ((-36 - (-38 - -25)) + 53)?
-26
What is the value of (55 - (40 + -20 + 0)) + -19?
16
What is -13 - (-1 - (-9 - (-4 - 3 - 14)) - -5)?
-5
What is -33 + (-38 - -51) + 23 + 4?
7
Evaluate 0 - 11 - (62 + 9 - 16) - -11 - 9.
-64
What is the value of (36 - (29 + 83 + 32)) + 3?
-105
What is -6 + (4 - 1) + (8 - -8) + -20 + 78?
71
3 + -3 + -15 + -85 + 127
27
(134 - (-60 + 72)) + -25
97
What is the value of 14 + 11 + -17 + (-6 - 1)?
1
Evaluate 28 + (-2 - 16 - 16).
-6
Evaluate 3 + (38 + -32 - (82 - 75 - (3 + 0))).
5
Evaluate 11 + -27 + (5 - (-5 - -19)) + 5.
-20
Evaluate (0 - 9) + -2059 + 2089 + 28.
49
Evaluate -32 + (-12 - (-40 - -22)) + 10.
-16
What is the value of 18 + (-76 - (12 - 34)) - 57?
-93
-39 + 15 + -2 + (15 - 12) + -18
-41
Calculate 34 + -45 + 97 + -56.
30
Evaluate (8 + 1 - 0) + (61 - (50 + 64)).
-44
Evaluate 2 - (-1 - -5) - 1 - -16 - (4613 + -4634).
34
What is (-2 - (20 + -16 - -9) - -29) + 15?
29
-9 + (2 - -5) + -1 + (17 - 22) + 78
70
-8 + (-2 - 10) - (-14 - -32)
-38
What is 8 + -28 + 16 + -7 + (-5 - 2)?
-18
Calculate (-1 + (-4 - -2) - ((2 - 10) + 5)) + 100.
100
What is 0 + -7 + -6 + 13?
0
(-4 - (22 + -13) - (0 + -79)) + -12
54
Calculate (-20 + 3 - (-262 - -244)) + (-2 - -49).
48
What is the value of -39 + 73 + (70 - 83)?
21
Calculate -9 + (6 - 11) - -14 - 39.
-39
What is the value of -24 + 25 + -33 + (-7 - 2)?
-41
Evaluate -31 - (52 - (114 + -63)).
-32
(17 - -1) + -29 + 14 + 1 - (0 + 1)
3
Calculate (-1 - -18 - (-1 - 1 - (-13 + 1))) + 45.
52
What is -32 + (50 - 19) + 3?
2
What is 14 + 1 + -11 + 25 + 54?
83
Calculate -67 - (13 + -37 - -10).
-53
Evaluate -62 + (-42 - (-115 + 58)).
-47
Evaluate 0 + -1 + 2 - -3 - (597 + -567).
-26
What is -47 + 0 + (-105 - (48 + -175))?
-25
Evaluate 178 - (-102 - (-281 + 99)).
98
What is -8 - 3 - ((-19 - -1) + 221 + -163)?
-51
What is the value of 3 + 1 - ((255 - 228) + 2 + -3 + 2)?
-24
3 - 5 - (19 + 5 - -24)
-50
What is -8 + (-4 - 3 - -3) - (-6 + 10)?
-16
Evaluate -15301 + 15304 - (-1 + -97).
101
What is the value of 11 + (20 - -2) + -17 - -8?
24
Calculate 9 - (0 - 0) - (41417 + -41437).
29
Calculate -8 + -26 + (19 - (-3 - -13)).
-25
Evaluate -15 + 24 + (-15 - -24 - -7).
25
(-55 - (-3 + 2)) + (-36 - -52) + (-23 - -2)
-59
Calculate 8 + 6 + (-19 - -8) + -58.
-55
What is 105 - ((-33 - (-25 - -10)) + (9 - -6))?
108
What is -4 - (-1 - -1) - (-68 + 64) - (-158 - -158)?
0
23 + -56 + -18 + 12
-39
Calculate -4 - (14 + 7 - (12 + (-23 - -11))).
-25
Calculate -37 - (15 + (-11 - (3 + -18))) - (0 - -1).
-57
What is the value of 14 + 16 + (-2 - 22 - (9 - 34))?
31
What is the value of 49 + (-3 - 10) + (4 - 30) + 9?
19
Calculate 13 + (-26 - 15 - -22) - 10.
-16
Calculate -776 + 803 + -5 + -17.
5
What is -3 + (-8 - (-51 + 39))?
1
What is the value of -11 - (-4 + 0 - (-15 - (48 + -57)) - 5)?
-8
(43 - 60) + 0 + (16 + 11 - 16)
-6
What is the value of 8 - (-16 + 2 - (-57 - -14 - 13))?
-34
Evaluate -13 + (-2 - ((119 - (-10 + 21)) + 9)).
-132
3 - 11 - (8 + (-11 - (-7 + (14 - 8))))
-6
Calculate 53 - (-31 - (50 - 165)).
-31
What is the value of (-25 - -23 - -20 - 22) + 1 + -3?
-6
20 - (-40 + 33 + (-47 - -38))
36
119 - ((51 - -25) + 21)
22
What is the value of -1 + 14 + ((1 + -9 - -5) + 1 - -1)?
12
45 - (36 - 80) - (5 + 7)
77
What is -110 - (42 + -120 - -17)?
-49
(-19 - (-5 - -5)) + -30 + 11 + 24
-14
Evaluate 2 + -3 - (39 - (22 + -25) - -1).
-44
What is the value of 12 + 11 + (7 - 28) + (0 - -1) - -66?
69
Calculate 44 + (2 - 2) + (0 - -17) + 1953 + -1977.
37
Evaluate (20 - (17 + -28 - 18)) + -27.
22
-6 + (14 - (-46 + -6))
60
Calculate 14 - ((-29 - (-36 - 7)) + (3 - 60)).
57
What is the value of -19 + (25 - (-1 - -20)) + 85?
72
What is 53 + -34 - -36 - (2 + 7)?
46
Calculate 3 - 3 - (3 + 1 + 6 - 7 - -65).
-68
Calculate (4 + 15 + 15 - (14 - 1)) + 13.
34
23 + (-19 - 15) - 27 - (-1 + -7)
-30
Evaluate 15 + 1 - (114 + -17 - (7 - 7 - -1)).
-80
Calculate (-16 - -6) + -5 - (341 - 403).
47
What is the value of 1 + -22 + (-48 - (-9 - 51))?
-9
-71 + -2 - (-2322 + 2321)
-72
Calculate 17 + (-9 - (4 + 8)) - (-1 + 9).
-12
What is 1 + -13 + (228 - 242) - (-9 + 7)?
-24
Evaluate 730 + -773 + (92 - 1).
48
What is the value of (15 - -20) + -26 + -1 - -55?
63
What is ((-24 - -20) + -9 + 14 - 0) + (-2 - 27)?
-28
Evaluate -4144 + 4180 + -43 + -1.
-8
Calculate -115 + 168 + 5 - -43.
101
What is -121 + (-43 - (-51 - (7 + 21)))?
-85
What is the value of -2 + (15 + (-20 - (-15 + 4)) - (-6 + 8))?
2
Calculate 4 + -9 - (-20 + 32 - 5) - 6.
-18
What is (105 - -48) + -198 - (-60 + 1)?
14
-11 + (-11 + 12 - -26) + 27 + -14
29
What is the value of 26 - (-5 + 11 + -20 - 0) - -4?
44
7 + 38 + -15 + (6 - (-16 + (-1 - -7)))
46
Calculate 1 - (-56 - (54 + -97)).
1